-90))/((-11)/3 - -3)?
54
Let a = -150 - -126. Let g(f) = 2*f**3 + 48*f**2 - 2*f - 5. Calculate the remainder when g(a) is divided by 11.
10
Let b(n) = n**3 - 6*n**2 - 5*n - 3. Suppose -107*u + 61429 - 4264 = 4*u. What is the remainder when u is divided by b(7)?
9
Suppose -6*m - 4*i + 244 = 0, -10*m + 93 = -8*m - i. What is the remainder when 3913 is divided by m?
41
Calculate the remainder when 15/6 - (-73500)/168 is divided by 62.
6
Let s = 144 + -81. Calculate the remainder when s is divided by 45.
18
What is the remainder when 737 is divided by (-71)/(4 + 0 + -5) - 7?
33
Suppose 54*h + 350 = -10*h + 11358. What is the remainder when 298 is divided by h?
126
Suppose z - 7 = -0. Let h = -1221 + 1241. What is the remainder when (4*(-15)/h)/((-3)/z) is divided by 2?
1
Let j(k) = 206*k + 6804. What is the remainder when j(-27) is divided by 67?
36
Let d = -31 - 104. Let t = d - -288. What is the remainder when t is divided by 13?
10
Suppose 396 = -2*d + d. Calculate the remainder when (d/48)/((-3)/32) is divided by (520/80)/(1/2).
10
Let f = 4369 - 4348. Calculate the remainder when 515 is divided by f.
11
Let o = 20 + -3. Calculate the remainder when o is divided by 45/6*(-84)/(-126).
2
Let l = 146 + -149. What is the remainder when -1 - -319 - (-6)/((-9)/l) is divided by 54?
50
Suppose 4*w = -2*w + 24. Calculate the remainder when 24302/87*6/w is divided by 35.
34
Let w(s) = -s**3 - 27*s**2 - 28*s - 15. Let b = 519 - 263. Calculate the remainder when b is divided by w(-26).
34
Let m(q) = -14*q**3 + 11*q**2 + 18*q + 189. Calculate the remainder when m(-7) is divided by 34.
32
Suppose 0 = 4*o - w - 8627, 3*o - 2*w - 6474 = -0*o. Suppose -6*y - 8*y = -o. Calculate the remainder when y is divided by 32.
26
Suppose 58 + 42 = o. Suppose 89*r - o = 84*r. Calculate the remainder when 78 is divided by r.
18
Suppose -5*f = 3*f - 16. Calculate the remainder when 34 is divided by (f - (-2 - 3)) + (1 - 0).
2
Let m = -4157 - -4489. What is the remainder when m is divided by 73?
40
Suppose 5*p + 120 = -c, -25*p + 26*p + 10 = -3*c. Calculate the remainder when 325 is divided by (-15249)/(-325) + (-2)/p.
43
Suppose 78 + 390 = 13*s. What is the remainder when ((-12)/s - (-1)/(-15))*-100 is divided by 21?
19
Suppose -39*s + 312 = -31*s. Suppose -280 = -4*x + 64. What is the remainder when x is divided by s?
8
Let k(g) = -39*g**2 + 118*g**2 - 40*g**2 + 5*g - 24*g**2 - 4. Calculate the remainder when 255 is divided by k(1).
15
Let a = 17 + -25. Let v = 18 - a. Suppose v = 4*x - q, -3*q - 34 = -5*x - q. What is the remainder when 23 is divided by x?
5
Suppose -1444*z = -1398*z - 5842. Suppose 2*r - 132 = -r. Suppose -r - z = -9*f. Calculate the remainder when 54 is divided by f.
16
Let o(w) be the first derivative of -2*w**2 + 40*w + 34. What is the remainder when o(-21) is divided by 18?
16
Let c be ((-55)/165)/(1/(-27)). Calculate the remainder when (-7 - (-1230)/c) + 8/6 is divided by 71.
60
Calculate the remainder when ((-2)/(-15)*6)/((-38)/(-161595)*21) is divided by 33.
30
What is the remainder when (1 - 536/32)/(105/40 + -3) is divided by 10?
2
What is the remainder when 1014 is divided by 16*((-50)/(-8) - (-10)/(-5))?
62
Suppose -2*w = -0*w - 72. Suppose 21 = -t + r, 3*t - t + 2*r = -22. Let u = w + t. What is the remainder when u is divided by 13?
7
Let k = -713 + 709. Calculate the remainder when 302 is divided by k/18 - (-6 + (-828)/81).
14
Calculate the remainder when 525 is divided by (15/18 + (-18073)/(-330))*(-50)/(-20).
108
Let v = 172 - 75. Let u(m) = -109*m + 3. Let r be u(1). Let x = 116 + r. What is the remainder when v is divided by x?
7
Suppose -4*u + 36 = -2*p, -3*u + 25 = p - 2. Let g be (0 - u)/((-3)/27). Suppose 0 = -q + g. Calculate the remainder when q is divided by 21.
18
Calculate the remainder when 62 is divided by -5 + 21 + 3 + -5 + 2.
14
Let f(m) be the third derivative of m**5/60 - m**4/3 - 125*m**3/6 - 7*m**2 - m. What is the remainder when f(-13) is divided by 39?
31
Suppose 190*j + 5754 = 197*j. Calculate the remainder when j is divided by 135.
12
Calculate the remainder when 557 is divided by 35*5*9/45*4.
137
Calculate the remainder when 552 is divided by (-6)/360*-15 + 3/(-24)*-934.
84
Suppose 4*x - 164 + 138 = -2*u, -x + 3*u = 11. Calculate the remainder when 264 is divided by x.
0
Suppose -2979*d + 2981*d = -4*m + 2728, 0 = -5*m + 3*d + 3432. Calculate the remainder when m is divided by 116.
104
Let s be ((-197)/1 + 0)*1. Let u = s + 237. Let v = -25 - -39. What is the remainder when u is divided by v?
12
What is the remainder when 14/(-12) + 1 - (-89373)/558 is divided by 116/3 + (-8)/12?
8
Suppose 5*m - 5*i = 250, -21 = -m + 5*i + 33. Calculate the remainder when 280 is divided by m.
35
Let t(g) = -251*g + 1441. Calculate the remainder when t(-39) is divided by 54.
52
Let m(q) = 12*q**3 + 6*q**2 + 3*q - 38. Let z be m(-5). Let l = -1384 - z. What is the remainder when 566/8 - 1/(-4) is divided by l?
14
What is the remainder when (35596/165 + 1/(-15))*(1 - -2) is divided by 2?
1
Let f(t) be the second derivative of t**5/20 + t**4/3 + t**3/3 + t**2 + 50*t. What is the remainder when 11 is divided by f(-2)?
5
Let s(k) = 294*k**2 + 114*k - 712. Calculate the remainder when s(6) is divided by 23.
22
Let x = 31290 - 30952. Calculate the remainder when x is divided by 205.
133
Let y(j) = -15*j**2 + 12*j**3 + 7*j**3 + 9*j - 20*j**3 - 17 - 21. Calculate the remainder when y(-16) is divided by 20.
14
Suppose 4827*p = 5*g + 4823*p - 257, 16 = -2*p. What is the remainder when 852 is divided by g?
42
Let j = 236 - 108. Suppose -j - 180 = -11*w. Suppose -v - 11 + w = 0. What is the remainder when 41 is divided by v?
7
Suppose 0*x + 4 = 2*x. Suppose -4*h + x*n = -592, -n + 300 = h + h. Let j = -61 + h. Calculate the remainder when j is divided by 25.
13
Calculate the remainder when (-2)/(10 + 4) - 3027/(-63)*3 is divided by 43.
15
Suppose 174 = -h + 3*h + o, 0 = 4*o - 16. What is the remainder when h is divided by 5 + 106/(-22) + 240/11?
19
Suppose 17*g - 154 = -52. Calculate the remainder when (9/g)/((-7)/((-4480)/12)) is divided by 43.
37
Let i = -7104 - -7118. What is the remainder when 1061 is divided by i?
11
Let v(f) = f**3 + f + 2. Suppose -172 = -4*p - a, 0*a = -p + 2*a + 43. Let r = 50 + p. What is the remainder when r is divided by v(3)?
29
Let r be -2 + 12/3 - 0. Suppose 43 = r*f - 25. Suppose -1400 = -11*l - 322. What is the remainder when l is divided by f?
30
Let p(r) = 12*r - 2*r - 18*r - 2*r**2 + 13 - 9*r. Let z be p(-9). Suppose 23 = z*g + 3. Calculate the remainder when 12 is divided by g.
2
Let y(k) = k**3 - 2*k**2 + 5. Let w be y(4). Suppose w*h = 32*h + 255. Suppose -3 = 3*g - h. Calculate the remainder when g is divided by 9.
7
Let o(r) = -r**2 + 12*r + 3. Let p be o(12). Let z(k) = -5*k**2 + 118*k - 43. Calculate the remainder when z(23) is divided by (6 - p) + 10 + -3.
6
Suppose 4 = 4*l, 37 = -68*o + 71*o - 2*l. Calculate the remainder when 179 is divided by o.
10
Suppose -5*h - 194 + 579 = -5*s, -s = -5*h + 365. Let r = 1454 + -1466. What is the remainder when h is divided by (-11)/((-30)/r*2/(-5))?
6
Suppose 4*s = l - 10 + 40, 4*s = -5*l + 18. Let h be (1 + (-10)/4)/(s/(-14)). Suppose h*b - 48 = -5*b. What is the remainder when 23 is divided by b?
5
Calculate the remainder when 57 is divided by (-4 - (-40)/12) + 500/75.
3
Let n be -31 - 11/((-33)/12). Let a(l) = -l**3 - 29*l**2 - 68*l + 52. What is the remainder when a(n) is divided by 12?
10
Let y = 3120 + -3111. Calculate the remainder when 703 is divided by y.
1
Let g = -2324 + 2523. What is the remainder when g is divided by 4?
3
Suppose -5*i = -4*z + 272, -2*z = -i - 119 - 5. Calculate the remainder when 333 is divided by z.
43
Suppose -3*d + 4*f = 4, -4*f = -4*d - 10 + 2. What is the remainder when 54 is divided by (d/((-4)/1))/(4/20)?
4
Let r = -555 - -748. Suppose -y - 2 - 1 = 3*i, -7 = -i - 3*y. What is the remainder when r is divided by (-1)/i + 75/6?
11
Suppose 3*x - 4*w = -2*x + 1244, 5*x - 1238 = -2*w. Let n = x + -100. Calculate the remainder when -1 - (-2 + n/(-4)) is divided by 21.
17
Suppose -9*y + 11*y + 24 = 0. Let n = y - -36. Suppose 5*m - 1 = n. What is the remainder when 16 is divided by m?
1
Let i = -19 + 39. Suppose 243 = 5*s - 307.